{"id":2,"date":"2019-05-04T21:53:58","date_gmt":"2019-05-04T21:53:58","guid":{"rendered":"https:\/\/varios.surpaginasweb.com.ar\/ecommerce\/?page_id=2"},"modified":"2020-12-30T16:52:12","modified_gmt":"2020-12-30T16:52:12","slug":"inicio","status":"publish","type":"page","link":"https:\/\/varios.surpaginasweb.com.ar\/ecommerce\/inicio\/","title":{"rendered":"Inicio"},"content":{"rendered":"\n<figure class=\"wp-block-image\"><img loading=\"lazy\" decoding=\"async\" width=\"1024\" height=\"373\" src=\"https:\/\/varios.surpaginasweb.com.ar\/ecommerce\/wp-content\/uploads\/2019\/10\/trigo-1024x373.jpg\" alt=\"\" class=\"wp-image-160\" srcset=\"https:\/\/varios.surpaginasweb.com.ar\/ecommerce\/wp-content\/uploads\/2019\/10\/trigo-1024x373.jpg 1024w, https:\/\/varios.surpaginasweb.com.ar\/ecommerce\/wp-content\/uploads\/2019\/10\/trigo-600x219.jpg 600w, https:\/\/varios.surpaginasweb.com.ar\/ecommerce\/wp-content\/uploads\/2019\/10\/trigo-300x109.jpg 300w, https:\/\/varios.surpaginasweb.com.ar\/ecommerce\/wp-content\/uploads\/2019\/10\/trigo-768x280.jpg 768w, https:\/\/varios.surpaginasweb.com.ar\/ecommerce\/wp-content\/uploads\/2019\/10\/trigo.jpg 1920w\" sizes=\"auto, (max-width: 1024px) 100vw, 1024px\" \/><\/figure>\n\n\n\n<div class=\"wp-block-file\"><a href=\"https:\/\/varios.surpaginasweb.com.ar\/ecommerce\/wp-content\/uploads\/2019\/05\/Factura-68419.pdf\">Factura-68419<\/a><a href=\"https:\/\/varios.surpaginasweb.com.ar\/ecommerce\/wp-content\/uploads\/2019\/05\/Factura-68419.pdf\" class=\"wp-block-file__button\" download>Descarga<\/a><\/div>\n\n\n\n<figure class=\"wp-block-audio\"><audio controls src=\"https:\/\/www.ivoox.com\/calcio-total-1x15-la-lupa-sobre-edicion_mf_54946809_feed_1.mp3\"><\/audio><\/figure>\n\n\n\n<figure class=\"wp-block-audio\"><audio controls src=\"https:\/\/www.ivoox.com\/calcio-total-1x15-la-lupa-sobre-edicion_mf_54946809_feed_1.mp3\"><\/audio><\/figure>\n\n\n<ul class=\"wp-block-rss\"><li class='wp-block-rss__item'><div class='wp-block-rss__item-title'><a href='https:\/\/norfipc.com\/inf\/como-insertar-scripts-css-con-javascript-html.php'>Como insertar scripts y CSS con JavaScript en HTML<\/a><\/div><\/li><li class='wp-block-rss__item'><div class='wp-block-rss__item-title'><a href='https:\/\/ideas.norfipc.com\/css-expandir-imagenes-todo-ancho-pantalla.html'>Css, expandir las im\u00e1genes a todo el ancho de la pantalla<\/a><\/div><\/li><li class='wp-block-rss__item'><div class='wp-block-rss__item-title'><a href='https:\/\/ideas.norfipc.com\/mostrar-fecha-ultima-actualizacion-javascript-php.html'>Mostrar la fecha de \u00faltima actualizaci\u00f3n con JavaScript y PHP<\/a><\/div><\/li><li class='wp-block-rss__item'><div class='wp-block-rss__item-title'><a href='https:\/\/ideas.norfipc.com\/trucos-para-microsoft-word-ajustes-opciones-predeterminadas.html'>Trucos para Microsoft Word, ajustes de las opciones predeterminadas<\/a><\/div><\/li><li class='wp-block-rss__item'><div class='wp-block-rss__item-title'><a href='https:\/\/ideas.norfipc.com\/como-guardar-fotografias-contenido-destacado-windows.html'>Como guardar las fotograf\u00edas de Contenido Destacado de Windows<\/a><\/div><\/li><\/ul>\n\n<ul class=\"wp-block-rss\"><li class='wp-block-rss__item'><div class='wp-block-rss__item-title'><a href='https:\/\/www.podiumpodcast.com\/solaris\/e17e9515-4b7d-5228-b649-6f93b790ad0c'>Cap\u00edtulo dieciocho: Algoritmos creativos<\/a><\/div><\/li><li class='wp-block-rss__item'><div class='wp-block-rss__item-title'><a href='https:\/\/www.podiumpodcast.com\/solaris\/db0d952b-20c3-5ca2-bee4-5e08fb7099e6'>Cap\u00edtulo diecisiete: Cultura animal<\/a><\/div><\/li><li class='wp-block-rss__item'><div class='wp-block-rss__item-title'><a href='https:\/\/www.podiumpodcast.com\/solaris\/7cf6fa4c-82ec-5541-ba3f-5bbdd80ab894'>Cap\u00edtulo diecis\u00e9is: Agujeros negros<\/a><\/div><\/li><li class='wp-block-rss__item'><div class='wp-block-rss__item-title'><a href='https:\/\/www.podiumpodcast.com\/solaris\/b95ea84e-32dd-5e09-aa82-034d3376d12e'>Cap\u00edtulo quince: Posturismo<\/a><\/div><\/li><li class='wp-block-rss__item'><div class='wp-block-rss__item-title'><a href='https:\/\/www.podiumpodcast.com\/solaris\/20eb3fbd-e28c-5a90-a9ff-4150e1f54f0e'>Cap\u00edtulo catorce: Bioinspiraci\u00f3n<\/a><\/div><\/li><\/ul>\n\n\n<p class=\"has-very-light-gray-background-color has-background has-medium-font-size\">CADIA es la \u201cmadre de las organizaciones gremiales de los ingenieros agr\u00f3nomos de la Rep\u00fablica Argentina\u201d y tambi\u00e9n podemos afirmar que es el tronco de las que nacen las ramas de todas las otras entidades que re\u00fanen a profesionales del agro.<\/p>\n\n\n<ul class=\"wp-block-categories-list alignright wp-block-categories\">\t<li class=\"cat-item cat-item-2\"><a href=\"https:\/\/varios.surpaginasweb.com.ar\/ecommerce\/category\/noticias\/\">Columna de Opinion<\/a>\n<\/li>\n\t<li class=\"cat-item cat-item-8\"><a href=\"https:\/\/varios.surpaginasweb.com.ar\/ecommerce\/category\/documentos-cadia\/\">Documentos CADIA<\/a>\n<\/li>\n\t<li class=\"cat-item cat-item-4\"><a href=\"https:\/\/varios.surpaginasweb.com.ar\/ecommerce\/category\/revista-de-lecturas\/ultimas-noticias\/\">Economia<\/a>\n<\/li>\n\t<li class=\"cat-item cat-item-6\"><a href=\"https:\/\/varios.surpaginasweb.com.ar\/ecommerce\/category\/convenios\/\">Editoriales<\/a>\n<\/li>\n\t<li class=\"cat-item cat-item-5\"><a href=\"https:\/\/varios.surpaginasweb.com.ar\/ecommerce\/category\/revista-de-lecturas\/resoluciones\/\">Medio Ambiente<\/a>\n<\/li>\n\t<li class=\"cat-item cat-item-38\"><a href=\"https:\/\/varios.surpaginasweb.com.ar\/ecommerce\/category\/podcast\/\">Podcast<\/a>\n<\/li>\n\t<li class=\"cat-item cat-item-1\"><a href=\"https:\/\/varios.surpaginasweb.com.ar\/ecommerce\/category\/revista-de-lecturas\/uncategorized\/\">Politica<\/a>\n<\/li>\n\t<li class=\"cat-item cat-item-7\"><a href=\"https:\/\/varios.surpaginasweb.com.ar\/ecommerce\/category\/revista-de-lecturas\/\">Revista de Lecturas<\/a>\n<\/li>\n<\/ul>\n\n\n<blockquote class=\"wp-block-quote is-layout-flow wp-block-quote-is-layout-flow\"><p>Nuestro pa\u00eds desde su fundaci\u00f3n desarroll\u00f3 las actividades agropecuarias como productos calificados de exportaci\u00f3n y que en alg\u00fan momento fueron la marca Argentina en el mundo. Los cuatro climas, un suelo rico, la capacidad de nuestra gente y el apoyo regional a las actividades del campo, motivaron que fuera llamada \u201cel granero del mundo\u201d. Hoy por la diversidad de la producci\u00f3n agropecuaria podemos decir que la meta es ser tambi\u00e9n el \u201csupermercado del mundo\u201d y llegar en pocos a\u00f1os a abastecer a m\u00e1s de 500 millones de habitantes.<\/p><\/blockquote>\n\n\n\n<p>&#8230;or something like this:<\/p>\n\n\n\n<hr class=\"wp-block-separator\"\/>\n\n\n\n<div class=\"wp-block-columns has-2-columns is-layout-flex wp-container-core-columns-is-layout-9d6595d7 wp-block-columns-is-layout-flex\">\n<div class=\"wp-block-column is-layout-flow wp-block-column-is-layout-flow\"><\/div>\n\n\n\n<div class=\"wp-block-column is-layout-flow wp-block-column-is-layout-flow\"><\/div>\n<\/div>\n\n\n\n<blockquote class=\"wp-block-quote is-layout-flow wp-block-quote-is-layout-flow\"><p>The XYZ Doohickey Company was founded in 1971, and has been providing quality doohickeys to the public ever since. Located in Gotham City, XYZ employs over 2,000 people and does all kinds of awesome things for the Gotham community.<\/p><\/blockquote>\n\n\n\n<p>As a new WordPress user, you should go to <a href=\"https:\/\/varios.surpaginasweb.com.ar\/ecommerce\/wp-admin\/\">your dashboard<\/a> to delete this page and create new pages for your content. Have fun!<\/p>\n\n\n\n<hr class=\"wp-block-separator\"\/>\n\n\n\n<div class=\"wp-block-button\"><a class=\"wp-block-button__link\" href=\"https:\/\/www.surpaginasweb.com.ar\/contacto.php\">Consultas<\/a><\/div>\n\n\n\n<figure class=\"wp-block-table is-style-stripes\"><table><tbody><tr><td><\/td><td><\/td><td><\/td><td><\/td><td><\/td><\/tr><tr><td><\/td><td><\/td><td><\/td><td><\/td><td><\/td><\/tr><tr><td><\/td><td><\/td><td><\/td><td><\/td><td><\/td><\/tr><tr><td><\/td><td><\/td><td><\/td><td><\/td><td><\/td><\/tr><tr><td><\/td><td><\/td><td><\/td><td><\/td><td><\/td><\/tr><tr><td><\/td><td><\/td><td><\/td><td><\/td><td><\/td><\/tr><tr><td><\/td><td><\/td><td><\/td><td><\/td><td><\/td><\/tr><\/tbody><\/table><\/figure>\n\n\n\n<div class=\"wp-block-media-text alignwide\" style=\"grid-template-columns:17% auto\"><figure class=\"wp-block-media-text__media\"><img decoding=\"async\" src=\"https:\/\/varios.surpaginasweb.com.ar\/ecommerce\/wp-content\/uploads\/2019\/05\/logo_original_fondo_negro.fw_.png\" alt=\"\" class=\"wp-image-40 size-full\"\/><\/figure><div class=\"wp-block-media-text__content\">\n<p><em>he XYZ Doohickey Company was founded in 1971, and has been providing quality doohickeys to the public ever since.&nbsp;<\/em><\/p>\n\n\n\n<ol class=\"wp-block-list\"><li>ddddd<\/li><li>ddddd<\/li><li><\/li><\/ol>\n<\/div><\/div>\n\n\n\n<div style=\"height:65px\" aria-hidden=\"true\" class=\"wp-block-spacer\"><\/div>\n\n\n\n<div class=\"wp-block-columns has-2-columns is-layout-flex wp-container-core-columns-is-layout-9d6595d7 wp-block-columns-is-layout-flex\">\n<div class=\"wp-block-column is-layout-flow wp-block-column-is-layout-flow\">\n<p> <br><em><strong>Titulo<\/strong><\/em><\/p>\n\n\n\n<p><em>he XYZ Doohickey Company was founded in 1971, and has been providing quality doohickeys to the public ever since. <\/em> <\/p>\n<\/div>\n\n\n\n<div class=\"wp-block-column is-layout-flow wp-block-column-is-layout-flow\">\n<p> <br><em><strong>Titulo<\/strong><\/em><\/p>\n\n\n\n<p><em>he XYZ Doohickey Company was founded in 1971, and has been providing quality doohickeys to the public ever since. <\/em> <\/p>\n<\/div>\n<\/div>\n\n\n\n<h2 class=\"wp-block-heading\">\u00bfDe d\u00f3nde viene?<\/h2>\n\n\n\n<p>Contrariamente a la creencia popular, Lorem Ipsum no es simplemente texto aleatorio.&nbsp;Tiene sus ra\u00edces en una pieza de la literatura latina cl\u00e1sica del 45 a. C., por lo que tiene m\u00e1s de 2000 a\u00f1os.&nbsp;Richard McClintock, profesor de lat\u00edn en Hampden-Sydney College en Virginia, busc\u00f3 una de las palabras latinas m\u00e1s oscuras, consectetur, de un pasaje de Lorem Ipsum, y revisando las citas de la palabra en la literatura cl\u00e1sica, descubri\u00f3 la fuente indudable.&nbsp;Lorem Ipsum proviene de las secciones 1.10.32 y 1.10.33 de &#8220;de Finibus Bonorum et Malorum&#8221; (Los extremos del bien y del mal) de Cicer\u00f3n, escrito en el 45 a. C.&nbsp;Este libro es un tratado de teor\u00eda de la \u00e9tica, muy popular durante el Renacimiento.&nbsp;La primera l\u00ednea de Lorem Ipsum, &#8220;Lorem ipsum dolor sit amet ..&#8221;, proviene de una l\u00ednea en la secci\u00f3n 1.10.32.<\/p>\n\n\n\n<div style=\"height:43px\" aria-hidden=\"true\" class=\"wp-block-spacer\"><\/div>\n\n\n\n[expand title=&#8221;Acorde\u00f3n Desplegable&#8221; tag=&#8221;h2&#8243; targtag=&#8221;strong&#8221;]\n\n<p>\nHay muchas variaciones de pasajes de Lorem Ipsum disponibles, pero la mayor\u00eda han sufrido alteraciones de alguna forma, por humor inyectado o palabras aleatorias que no parecen ni un poco cre\u00edbles.&nbsp;Si va a utilizar un pasaje de Lorem Ipsum, debe asegurarse de que no haya nada vergonzoso escondido en medio del texto.&nbsp;Todos los generadores de Lorem Ipsum en Internet tienden a repetir fragmentos predefinidos seg\u00fan sea necesario, lo que lo convierte en el primer generador verdadero en Internet.&nbsp;Utiliza un diccionario de m\u00e1s de 200 palabras latinas, combinado con un pu\u00f1ado de estructuras de oraciones modelo, para generar Lorem Ipsum que parece razonable.&nbsp;Por lo tanto, el Lorem Ipsum generado est\u00e1 siempre libre de repeticiones, humor inyectado o palabras no caracter\u00edsticas, etc.<\/p>\n[\/expand]\n\n\n\n<html>\n<head>\n<meta name=\"viewport\" content=\"width=device-width, initial-scale=1\">\n<style>\n.accordion {\n  background-color: #eee;\n  color: #444;\n  cursor: pointer;\n  padding: 18px;\n  width: 100%;\n  border: none;\n  text-align: left;\n  outline: none;\n  font-size: 15px;\n  transition: 0.4s;\n}\n\n.active, .accordion:hover {\n  background-color: #ccc;\n}\n\n.accordion:after {\n  content: '\\002B';\n  color: #777;\n  font-weight: bold;\n  float: right;\n  margin-left: 5px;\n}\n\n.active:after {\n  content: \"\\2212\";\n}\n\n.panel {\n  padding: 0 18px;\n  background-color: white;\n  max-height: 0;\n  overflow: hidden;\n  transition: max-height 0.2s ease-out;\n}\n<\/style>\n<\/head>\n<body>\n\n<h2>Accordion with symbols<\/h2>\n<p>In this example we have added a &#8220;plus&#8221; sign to each button. When the user clicks on the button, the &#8220;plus&#8221; sign is replaced with a &#8220;minus&#8221; sign.<\/p>\n<button class=\"accordion\">Section 1<\/button>\n<div class=\"panel\">\n  <p>Lorem ipsum dolor sit amet, consectetur adipisicing elit, sed do eiusmod tempor incididunt ut labore et dolore magna aliqua. Ut enim ad minim veniam, quis nostrud exercitation ullamco laboris nisi ut aliquip ex ea commodo consequat.<\/p>\n<\/div>\n\n<button class=\"accordion\">Section 2<\/button>\n<div class=\"panel\">\n  <p>Lorem ipsum dolor sit amet, consectetur adipisicing elit, sed do eiusmod tempor incididunt ut labore et dolore magna aliqua. Ut enim ad minim veniam, quis nostrud exercitation ullamco laboris nisi ut aliquip ex ea commodo consequat.<\/p>\n<\/div>\n\n<button class=\"accordion\">Section 3<\/button>\n<div class=\"panel\">\n  <p>Lorem ipsum dolor sit amet, consectetur adipisicing elit, sed do eiusmod tempor incididunt ut labore et dolore magna aliqua. Ut enim ad minim veniam, quis nostrud exercitation ullamco laboris nisi ut aliquip ex ea commodo consequat.<\/p>\n<\/div>\n\n<script>\nvar acc = document.getElementsByClassName(\"accordion\");\nvar i;\n\nfor (i = 0; i < acc.length; i++) {\n  acc[i].addEventListener(\"click\", function() {\n    this.classList.toggle(\"active\");\n    var panel = this.nextElementSibling;\n    if (panel.style.maxHeight) {\n      panel.style.maxHeight = null;\n    } else {\n      panel.style.maxHeight = panel.scrollHeight + \"px\";\n    } \n  });\n}\n<\/script>\n\n<\/body>\n<\/html>\n\n\n<p>[do_widget id=woocommerce_layered_nav-2]<\/p>\n\n\n\n<p>[do_widget id=woocommerce_layered_nav-2]<\/p>\n\n\n<div data-block-name=\"woocommerce\/product-categories\" class=\"wp-block-woocommerce-product-categories wc-block-product-categories is-list \" style=\"\"><ul class=\"wc-block-product-categories-list wc-block-product-categories-list--depth-0\">\t\t\t\t<li class=\"wc-block-product-categories-list-item\">\t\t\t\t\t<a style=\"\" href=\"https:\/\/varios.surpaginasweb.com.ar\/ecommerce\/categoria-producto\/sin-categorizar\/\"><span class=\"wc-block-product-categories-list-item__name\">WITHOUT CATEGORY<\/span><\/a><span class=\"wc-block-product-categories-list-item-count\"><span aria-hidden=\"true\">17<\/span><span class=\"screen-reader-text\">17 productos<\/span><\/span>\t\t\t\t<\/li>\t\t\t\t\t\t\t<li class=\"wc-block-product-categories-list-item\">\t\t\t\t\t<a style=\"\" href=\"https:\/\/varios.surpaginasweb.com.ar\/ecommerce\/categoria-producto\/fitness\/\"><span class=\"wc-block-product-categories-list-item__name\">FITNESS<\/span><\/a><span class=\"wc-block-product-categories-list-item-count\"><span aria-hidden=\"true\">1<\/span><span class=\"screen-reader-text\">1 producto<\/span><\/span><ul class=\"wc-block-product-categories-list wc-block-product-categories-list--depth-1\">\t\t\t\t<li class=\"wc-block-product-categories-list-item\">\t\t\t\t\t<a style=\"\" href=\"https:\/\/varios.surpaginasweb.com.ar\/ecommerce\/categoria-producto\/fitness\/pesas-discos-barras\/\"><span class=\"wc-block-product-categories-list-item__name\">Pesas, Discos, Barras<\/span><\/a><span class=\"wc-block-product-categories-list-item-count\"><span aria-hidden=\"true\">1<\/span><span class=\"screen-reader-text\">1 producto<\/span><\/span>\t\t\t\t<\/li>\t\t\t<\/ul>\t\t\t\t<\/li>\t\t\t\t\t\t\t<li class=\"wc-block-product-categories-list-item\">\t\t\t\t\t<a style=\"\" href=\"https:\/\/varios.surpaginasweb.com.ar\/ecommerce\/categoria-producto\/suplementos\/\"><span class=\"wc-block-product-categories-list-item__name\">SUPLEMENTOS<\/span><\/a><span class=\"wc-block-product-categories-list-item-count\"><span aria-hidden=\"true\">6<\/span><span class=\"screen-reader-text\">6 productos<\/span><\/span><ul class=\"wc-block-product-categories-list wc-block-product-categories-list--depth-1\">\t\t\t\t<li class=\"wc-block-product-categories-list-item\">\t\t\t\t\t<a style=\"\" href=\"https:\/\/varios.surpaginasweb.com.ar\/ecommerce\/categoria-producto\/suplementos\/aminoacidos\/\"><span class=\"wc-block-product-categories-list-item__name\">Aminoacidos<\/span><\/a><span class=\"wc-block-product-categories-list-item-count\"><span aria-hidden=\"true\">1<\/span><span class=\"screen-reader-text\">1 producto<\/span><\/span>\t\t\t\t<\/li>\t\t\t\t\t\t\t<li class=\"wc-block-product-categories-list-item\">\t\t\t\t\t<a style=\"\" href=\"https:\/\/varios.surpaginasweb.com.ar\/ecommerce\/categoria-producto\/suplementos\/proteinas\/\"><span class=\"wc-block-product-categories-list-item__name\">Prote\u00ednas<\/span><\/a><span class=\"wc-block-product-categories-list-item-count\"><span aria-hidden=\"true\">1<\/span><span class=\"screen-reader-text\">1 producto<\/span><\/span>\t\t\t\t<\/li>\t\t\t\t\t\t\t<li class=\"wc-block-product-categories-list-item\">\t\t\t\t\t<a style=\"\" href=\"https:\/\/varios.surpaginasweb.com.ar\/ecommerce\/categoria-producto\/suplementos\/bcaa\/\"><span class=\"wc-block-product-categories-list-item__name\">BCAA<\/span><\/a><span class=\"wc-block-product-categories-list-item-count\"><span aria-hidden=\"true\">1<\/span><span class=\"screen-reader-text\">1 producto<\/span><\/span>\t\t\t\t<\/li>\t\t\t\t\t\t\t<li class=\"wc-block-product-categories-list-item\">\t\t\t\t\t<a style=\"\" href=\"https:\/\/varios.surpaginasweb.com.ar\/ecommerce\/categoria-producto\/suplementos\/creatinas\/\"><span class=\"wc-block-product-categories-list-item__name\">Creatinas<\/span><\/a><span class=\"wc-block-product-categories-list-item-count\"><span aria-hidden=\"true\">3<\/span><span class=\"screen-reader-text\">3 productos<\/span><\/span>\t\t\t\t<\/li>\t\t\t\t\t\t\t<li class=\"wc-block-product-categories-list-item\">\t\t\t\t\t<a style=\"\" href=\"https:\/\/varios.surpaginasweb.com.ar\/ecommerce\/categoria-producto\/suplementos\/glutamina\/\"><span class=\"wc-block-product-categories-list-item__name\">Glutamina<\/span><\/a><span class=\"wc-block-product-categories-list-item-count\"><span aria-hidden=\"true\">1<\/span><span class=\"screen-reader-text\">1 producto<\/span><\/span>\t\t\t\t<\/li>\t\t\t<\/ul>\t\t\t\t<\/li>\t\t\t<\/ul><\/div>","protected":false},"excerpt":{"rendered":"<p>CADIA es la \u201cmadre de las organizaciones gremiales de los ingenieros agr\u00f3nomos de la Rep\u00fablica Argentina\u201d y tambi\u00e9n podemos afirmar&#8230;<\/p>\n","protected":false},"author":1,"featured_media":0,"parent":0,"menu_order":0,"comment_status":"closed","ping_status":"closed","template":"","meta":{"footnotes":""},"class_list":["post-2","page","type-page","status-publish","hentry"],"_links":{"self":[{"href":"https:\/\/varios.surpaginasweb.com.ar\/ecommerce\/wp-json\/wp\/v2\/pages\/2","targetHints":{"allow":["GET"]}}],"collection":[{"href":"https:\/\/varios.surpaginasweb.com.ar\/ecommerce\/wp-json\/wp\/v2\/pages"}],"about":[{"href":"https:\/\/varios.surpaginasweb.com.ar\/ecommerce\/wp-json\/wp\/v2\/types\/page"}],"author":[{"embeddable":true,"href":"https:\/\/varios.surpaginasweb.com.ar\/ecommerce\/wp-json\/wp\/v2\/users\/1"}],"replies":[{"embeddable":true,"href":"https:\/\/varios.surpaginasweb.com.ar\/ecommerce\/wp-json\/wp\/v2\/comments?post=2"}],"version-history":[{"count":0,"href":"https:\/\/varios.surpaginasweb.com.ar\/ecommerce\/wp-json\/wp\/v2\/pages\/2\/revisions"}],"wp:attachment":[{"href":"https:\/\/varios.surpaginasweb.com.ar\/ecommerce\/wp-json\/wp\/v2\/media?parent=2"}],"curies":[{"name":"wp","href":"https:\/\/api.w.org\/{rel}","templated":true}]}}