{"id":194,"date":"2020-09-24T11:27:46","date_gmt":"2020-09-24T11:27:46","guid":{"rendered":"https:\/\/proteo.yithemes.com\/food\/?page_id=194"},"modified":"2025-08-06T09:44:22","modified_gmt":"2025-08-06T12:44:22","slug":"conocenos","status":"publish","type":"page","link":"https:\/\/varios.surpaginasweb.com.ar\/estetica\/conocenos\/","title":{"rendered":"Conocenos"},"content":{"rendered":"\n<figure class=\"wp-block-video\"><video autoplay controls loop muted src=\"https:\/\/varios.surpaginasweb.com.ar\/estetica\/wp-content\/uploads\/2025\/08\/Slider-Inicio.mp4\"><\/video><\/figure>\n\n\n\n<h2 class=\"wp-block-heading has-text-align-center\">Conoc\u00e9 a Centro de Salud y Est\u00e9tica<\/h2>\n\n\n\n<h3 class=\"wp-block-heading has-text-align-center\">Cuando la Salud y la Belleza se encuentran en un mismo lugar.<\/h3>\n\n\n\n<div style=\"height:25px\" aria-hidden=\"true\" class=\"wp-block-spacer\"><\/div>\n\n\n\n<div class=\"wp-block-ultimate-post-wrapper ultp-block-cb0a31\"><div class=\"ultp-wrapper-block\">\n<div class=\"wp-block-columns animate-fade-right is-layout-flex wp-container-core-columns-is-layout-ed5226f6 wp-block-columns-is-layout-flex\" style=\"padding-right:0;padding-left:0\">\n<div class=\"wp-block-column is-layout-flow wp-block-column-is-layout-flow\">\n<h3 class=\"wp-block-heading has-text-align-center\">Quienes somos<\/h3>\n\n\n\n<p class=\"has-yith-proteo-editor-custom-color-6-color has-text-color has-link-color wp-elements-55b61f65d1d052fbe3aecdddffe79958\" style=\"font-size:18px\">Centro de Salud y Est\u00e9tica es un centro de belleza con sede principal en el barrio de Belgrano, en la Ciudad Aut\u00f3noma de Buenos Aires, contando tambi\u00e9n con atenci\u00f3n en Vicente L\u00f3pez y Nordelta.<br>Somos especialistas en tratamientos personalizados enfocados en el cuidado de la salud y belleza personal. Nos enfocamos especialmente en la Excelencia en la piel y en el Arte al Cuidado de la Imagen<\/p>\n\n\n\n<p class=\"has-link-color wp-elements-1b8d4429e8599b7a49fc1349f3ee509b\" style=\"font-size:18px\">Estas son las cualidades que nos caracter\u00edzan y diferencian:<\/p>\n\n\n\n<ul style=\"font-size:18px\" class=\"wp-block-list has-link-color wp-elements-772df92f2c51c87fda4f3275bb6534ee\">\n<li><strong>Atenci\u00f3n Personalizada<\/strong>: la privacidad y seguridad de cada paciente son los pilares en los que se basa nuestro trabajo.<\/li>\n\n\n\n<li><strong>Diagn\u00f3stico<\/strong>: siempre se realiza un diagn\u00f3stico previo, el que determinar\u00e1 el tipo de tratamiento y aplicaci\u00f3n espec\u00edfico para cada paciente.<\/li>\n\n\n\n<li><strong>Experiencia<\/strong>: mas de 25 a\u00f1os de experiencia en Dermatocosmiatr\u00eda, Cosmiatr\u00eda, Cosmet\u00f3log\u00eda, Kinesiolog\u00eda, Drenaje linf\u00e1tico, Estetica y Aparotolog\u00eda.<\/li>\n\n\n\n<li><strong>Formaci\u00f3n Profesional<\/strong>: contamos con formaci\u00f3n profesional verificable en todas las \u00e1reas de aplicaci\u00f3n y con capacitaci\u00f3n constante.<\/li>\n\n\n\n<li><strong>Productos Premium<\/strong>: Empleamos las \u00faltimas tendencias en el sistema de tratamientos faciales aprobados bajo regulaciones y normativas del mercado cosm\u00e9tico.<\/li>\n<\/ul>\n<\/div>\n\n\n\n<div class=\"wp-block-column is-layout-flow wp-block-column-is-layout-flow\" style=\"flex-basis:30%\">\n<div style=\"height:30px\" aria-hidden=\"true\" class=\"wp-block-spacer\"><\/div>\n\n\n\n<figure class=\"wp-block-video\"><video height=\"986\" style=\"aspect-ratio: 716 \/ 986;\" width=\"716\" autoplay controls loop muted src=\"https:\/\/varios.surpaginasweb.com.ar\/estetica\/wp-content\/uploads\/2025\/07\/Nosotros-1.mp4\"><\/video><\/figure>\n<\/div>\n<\/div>\n<\/div><\/div>\n\n\n\n<div style=\"height:25px\" aria-hidden=\"true\" class=\"wp-block-spacer\"><\/div>\n\n\n\n<div class=\"wp-block-ultimate-post-wrapper ultp-block-99c5e7\"><div class=\"ultp-wrapper-block\">\n<div class=\"wp-block-columns animate-fade-right is-layout-flex wp-container-core-columns-is-layout-ed5226f6 wp-block-columns-is-layout-flex\" style=\"padding-right:0;padding-left:0\">\n<div class=\"wp-block-column is-layout-flow wp-block-column-is-layout-flow\" style=\"flex-basis:45%\">\n<div style=\"height:30px\" aria-hidden=\"true\" class=\"wp-block-spacer\"><\/div>\n\n\n<div  class=\"wp-block-ultimate-post-image ultp-block-522b7b animate-fade-up\"><div class=\"ultp-block-wrapper\"><figure class=\"ultp-image-block-wrapper\"><div class=\"ultp-image-block ultp-image-block-zoomIn\"><a href=\"https:\/\/varios.surpaginasweb.com.ar\/estetica\/wp-content\/uploads\/2025\/07\/Nosotros-2.png\" target=\"_blank\"><img decoding=\"async\"  class=\"ultp-image\"  alt=\"Image Not Found\"  src=\"https:\/\/varios.surpaginasweb.com.ar\/estetica\/wp-content\/uploads\/2025\/07\/Nosotros-2.png\" \/><\/a><\/div><\/figure><\/div><\/div><\/div>\n\n\n\n<div class=\"wp-block-column is-layout-flow wp-block-column-is-layout-flow\">\n<h3 class=\"wp-block-heading has-text-align-center\">El Concepto de Belleza<\/h3>\n\n\n\n<p class=\"has-yith-proteo-editor-custom-color-6-color has-text-color has-link-color wp-elements-94ab7c60d0a5a2ff7635323f483f0643\" style=\"font-size:18px\"><strong>En <\/strong>Centro de Salud y Est\u00e9tica manejamos un \u201cConcepto de Belleza Integral\u201d, consideramos que la Belleza debe estar integrada con la Salud y el Bienestar.<\/p>\n\n\n\n<p style=\"font-size:18px\">La Belleza no puede tratarse en forma separada de los otros dos conceptos ya que existe una interdependencia muy fuerte con la Salud y el Bienestar.<\/p>\n\n\n\n<p class=\"has-link-color wp-elements-c546e9c03dcd3e7412222263e298866f\" style=\"font-size:18px\"><strong>Como consecuencia, antes de definir que tratamiento de belleza aplicar, primero efectuamos un diagn\u00f3stico previo para identificar el tipo de afecci\u00f3n, lo que determinar\u00e1 cuales son los mejores tratamientos aplicables.<\/strong><\/p>\n<\/div>\n<\/div>\n<\/div><\/div>\n\n\n\n<div style=\"height:25px\" aria-hidden=\"true\" class=\"wp-block-spacer\"><\/div>\n\n\n\n<div class=\"wp-block-ultimate-post-wrapper ultp-block-f7d127\"><div class=\"ultp-wrapper-block\">\n<div class=\"wp-block-columns animate-fade-right is-layout-flex wp-container-core-columns-is-layout-ed5226f6 wp-block-columns-is-layout-flex\" style=\"padding-right:0;padding-left:0\">\n<div class=\"wp-block-column is-layout-flow wp-block-column-is-layout-flow\">\n<h3 class=\"wp-block-heading has-text-align-center\">Salud, Belleza y Bienestar<\/h3>\n\n\n\n<p class=\"has-yith-proteo-editor-custom-color-6-color has-text-color has-link-color wp-elements-6a71ea96a0d13d6702b3ed7130feb75e\" style=\"font-size:18px\"><strong>Por <\/strong>ello nos manejamos con el precepto de que <strong>\u201cla salud, la belleza y el bienestar deben convivir en un espacio \u00fanico\u201d<\/strong>, dedicados al mimo y cuidado de los pacientes que visitan el lugar, para<strong> \u201chacerles sentir bien por dentro y por fuera\u201d<\/strong>.<\/p>\n\n\n\n<p class=\"has-link-color wp-elements-fb5e3d9316c8ffd8484e478bdaff6e5b\" style=\"font-size:18px\">Aplicamos los mejores tratamientos y cosm\u00e9ticos, seleccionando lo que sabemos que va a funcionar, para ofrecerlos a nuestros pacientes de forma exclusiva, creando sinergias entre las m\u00faltiples experiencias de belleza.<\/p>\n\n\n\n<p style=\"font-size:18px\">Nuestra premisa es rodearse de un equipo altamente cualificado, en constante actualizaci\u00f3n, que comparte la pasi\u00f3n por la belleza y el cuidado interior y exterior.<\/p>\n<\/div>\n\n\n\n<div class=\"wp-block-column is-layout-flow wp-block-column-is-layout-flow\" style=\"flex-basis:45%\">\n<div style=\"height:30px\" aria-hidden=\"true\" class=\"wp-block-spacer\"><\/div>\n\n\n<div  class=\"wp-block-ultimate-post-image ultp-block-41d68c animate-fade-up\"><div class=\"ultp-block-wrapper\"><figure class=\"ultp-image-block-wrapper\"><div class=\"ultp-image-block ultp-image-block-zoomIn\"><a href=\"https:\/\/varios.surpaginasweb.com.ar\/estetica\/wp-content\/uploads\/2025\/07\/Nosotros-3.png\" target=\"_blank\"><img decoding=\"async\"  class=\"ultp-image\"  alt=\"Image Not Found\"  src=\"https:\/\/varios.surpaginasweb.com.ar\/estetica\/wp-content\/uploads\/2025\/07\/Nosotros-3.png\" \/><\/a><\/div><\/figure><\/div><\/div><\/div>\n<\/div>\n<\/div><\/div>\n\n\n\n<div style=\"height:25px\" aria-hidden=\"true\" class=\"wp-block-spacer\"><\/div>\n\n\n\n<div class=\"wp-block-ultimate-post-wrapper ultp-block-e134a9\"><div class=\"ultp-wrapper-block\">\n<div class=\"wp-block-columns animate-fade-right is-layout-flex wp-container-core-columns-is-layout-ed5226f6 wp-block-columns-is-layout-flex\" style=\"padding-right:0;padding-left:0\">\n<div class=\"wp-block-column is-layout-flow wp-block-column-is-layout-flow\" style=\"flex-basis:45%\">\n<div style=\"height:30px\" aria-hidden=\"true\" class=\"wp-block-spacer\"><\/div>\n\n\n<div  class=\"wp-block-ultimate-post-image ultp-block-aaa0e7 animate-fade-up\"><div class=\"ultp-block-wrapper\"><figure class=\"ultp-image-block-wrapper\"><div class=\"ultp-image-block ultp-image-block-zoomIn\"><a href=\"https:\/\/varios.surpaginasweb.com.ar\/estetica\/wp-content\/uploads\/2025\/07\/Nosotros-4.png\" target=\"_blank\"><img decoding=\"async\"  class=\"ultp-image\"  alt=\"Image Not Found\"  src=\"https:\/\/varios.surpaginasweb.com.ar\/estetica\/wp-content\/uploads\/2025\/07\/Nosotros-4.png\" \/><\/a><\/div><\/figure><\/div><\/div><\/div>\n\n\n\n<div class=\"wp-block-column is-layout-flow wp-block-column-is-layout-flow\">\n<h3 class=\"wp-block-heading has-text-align-center\">Experiencia Unica<\/h3>\n\n\n\n<p class=\"has-yith-proteo-editor-custom-color-6-color has-text-color has-link-color wp-elements-5c57c182292088c6662d4a25eec9c942\" style=\"font-size:18px\"><strong>Nos <\/strong>enfocamos en crear experiencias \u00fanicas para nuestros pacientes, las que combinan la salud con el tratamiento y elbienestar. El primer paso es siempre la realizaci\u00f3n de un diagn\u00f3stico preciso de la posible afecci\u00f3n.<br><strong>Tenemos en cuenta la singularidad de cada persona<\/strong>, lo que es fundamental para lograr la maxima efectividad de cualquier tratamiento, y la satisfacci\u00f3n y felicidad de nuestros pacientes frente a los resultados y objetivos logrados.<\/p>\n\n\n\n<p style=\"font-size:18px\">Tanto en la est\u00e9tica facial como corporal, nuestros tratamientos son estrictamente personalizados, no aplicamos t\u00e9cnicas generales que pueden ser contraindicadas para las caracter\u00edsticas de alg\u00fan paciente en particular.<\/p>\n<\/div>\n<\/div>\n<\/div><\/div>\n\n\n\n<div style=\"height:25px\" aria-hidden=\"true\" class=\"wp-block-spacer\"><\/div>\n\n\n\n<div class=\"wp-block-ultimate-post-wrapper ultp-block-1f89a8\"><div class=\"ultp-wrapper-block\">\n<div class=\"wp-block-columns animate-fade-right is-layout-flex wp-container-core-columns-is-layout-ed5226f6 wp-block-columns-is-layout-flex\" style=\"padding-right:0;padding-left:0\">\n<div class=\"wp-block-column is-layout-flow wp-block-column-is-layout-flow\">\n<h3 class=\"wp-block-heading has-text-align-center\">Filosofia de Trabajo<\/h3>\n\n\n\n<p class=\"has-yith-proteo-editor-custom-color-6-color has-text-color has-link-color wp-elements-8784ab03bda2242682c859d7d2cf4bf5\" style=\"font-size:18px\"><strong>Nuestros <\/strong>principales valores son:<\/p>\n\n\n\n<p style=\"font-size:18px\"><strong>Profesionalidad<\/strong>: Nuestra premisa es rodearse de un equipo altamente cualificado, en constante actualizaci\u00f3n, que comparte la pasi\u00f3n por la belleza y el cuidado interior y exterior.<\/p>\n\n\n\n<p style=\"font-size:18px\"><strong>M\u00ednima Invasividad<\/strong>: Nuestra actividad se centra en tratamientos que dan soluciones sin riesgos para los pacientes ni bajas laborales.<\/p>\n\n\n\n<p style=\"font-size:18px\"><strong>Servicio<\/strong>: Nuestro servicio se enfoca en considerar a cada paciente como \u00fanico, partiendo de un diagn\u00f3stico preciso que identifique cual es la mejor t\u00e9cnica y productos a usar para el servicio.<\/p>\n<\/div>\n\n\n\n<div class=\"wp-block-column is-layout-flow wp-block-column-is-layout-flow\" style=\"flex-basis:45%\">\n<div style=\"height:40px\" aria-hidden=\"true\" class=\"wp-block-spacer\"><\/div>\n\n\n<div  class=\"wp-block-ultimate-post-image ultp-block-f9704a animate-fade-up\"><div class=\"ultp-block-wrapper\"><figure class=\"ultp-image-block-wrapper\"><div class=\"ultp-image-block ultp-image-block-zoomIn\"><a href=\"https:\/\/varios.surpaginasweb.com.ar\/estetica\/wp-content\/uploads\/2025\/06\/Logo-Circulo-Rojo.fw_.png\" target=\"_blank\"><img decoding=\"async\"  class=\"ultp-image\"  alt=\"Image Not Found\"  src=\"https:\/\/varios.surpaginasweb.com.ar\/estetica\/wp-content\/uploads\/2025\/08\/Logo-Circulo-Rojo.fw_.png\" \/><\/a><\/div><\/figure><\/div><\/div><\/div>\n<\/div>\n<\/div><\/div>\n\n\n\n<div style=\"height:80px\" aria-hidden=\"true\" class=\"wp-block-spacer\"><\/div>\n","protected":false},"excerpt":{"rendered":"<p>Conoc\u00e9 a Centro de Salud y Est\u00e9tica Cuando la Salud y la Belleza se encuentran en un mismo lugar.<\/p>\n","protected":false},"author":1,"featured_media":0,"parent":0,"menu_order":0,"comment_status":"closed","ping_status":"closed","template":"","meta":{"inline_featured_image":false,"_joinchat":[],"footnotes":""},"class_list":["post-194","page","type-page","status-publish","hentry"],"_links":{"self":[{"href":"https:\/\/varios.surpaginasweb.com.ar\/estetica\/wp-json\/wp\/v2\/pages\/194","targetHints":{"allow":["GET"]}}],"collection":[{"href":"https:\/\/varios.surpaginasweb.com.ar\/estetica\/wp-json\/wp\/v2\/pages"}],"about":[{"href":"https:\/\/varios.surpaginasweb.com.ar\/estetica\/wp-json\/wp\/v2\/types\/page"}],"author":[{"embeddable":true,"href":"https:\/\/varios.surpaginasweb.com.ar\/estetica\/wp-json\/wp\/v2\/users\/1"}],"replies":[{"embeddable":true,"href":"https:\/\/varios.surpaginasweb.com.ar\/estetica\/wp-json\/wp\/v2\/comments?post=194"}],"version-history":[{"count":0,"href":"https:\/\/varios.surpaginasweb.com.ar\/estetica\/wp-json\/wp\/v2\/pages\/194\/revisions"}],"wp:attachment":[{"href":"https:\/\/varios.surpaginasweb.com.ar\/estetica\/wp-json\/wp\/v2\/media?parent=194"}],"curies":[{"name":"wp","href":"https:\/\/api.w.org\/{rel}","templated":true}]}}